{"id":10,"date":"2025-07-24T23:40:59","date_gmt":"2025-07-24T21:40:59","guid":{"rendered":"https:\/\/expo.usac.edu.gt\/cumbre\/?page_id=10"},"modified":"2025-08-01T19:56:50","modified_gmt":"2025-08-01T17:56:50","slug":"acerca-de","status":"publish","type":"page","link":"https:\/\/expo.usac.edu.gt\/cumbre\/acerca-de\/","title":{"rendered":"Acerca de la Cumbre Internacional"},"content":{"rendered":"\n<p>Este gran encuentro se llevar\u00e1 a cabo el d\u00eda 19 de agosto de 2025 en los distintos auditorios de la Universidad de San Carlos de Guatemala, con el prop\u00f3sito de fortalecer el espacio acad\u00e9mico en educaci\u00f3n superior, ciencia, tecnolog\u00eda e innovaci\u00f3n.<\/p>\n\n\n\n<p>El objetivo principal es impulsar la construcci\u00f3n de un espacio com\u00fan de colaboraci\u00f3n acad\u00e9mica, promoviendo el intercambio de conocimiento, la generaci\u00f3n de alianzas estrat\u00e9gicas, el dise\u00f1o de pol\u00edticas p\u00fablicas y el fortalecimiento de capacidades que respondan a los retos actuales de la educaci\u00f3n superior<\/p>\n\n\n\n<p>La cumbre se desarrollar\u00e1 a trav\u00e9s de conferencias magistrales, talleres y actividades que abordar\u00e1n los siguientes ejes centrales:<\/p>\n\n\n\n<p>1. Transformaci\u00f3n digital de la educaci\u00f3n superior: estado actual, retos y oportunidades.<\/p>\n\n\n\n<p>2. Conocimiento para el desarrollo y la sostenibilidad: ciencia, tecnolog\u00eda e innovaci\u00f3n.<\/p>\n\n\n\n<p>3. Cooperaci\u00f3n acad\u00e9mica: construcci\u00f3n de un espacio de educaci\u00f3n superior basado en la internacionalizaci\u00f3n solidaria.<\/p>\n\n\n\n<p>4. Academia, docencia y extensi\u00f3n universitaria: fortalecimiento integral de las funciones sustantivas de la Universidad para responder a las necesidades del pa\u00eds y la regi\u00f3n.<\/p>\n","protected":false},"excerpt":{"rendered":"<p>Este gran encuentro se llevar\u00e1 a cabo el d\u00eda 19 de agosto de 2025 en los distintos auditorios de la Universidad de San Carlos de Guatemala, con el prop\u00f3sito de fortalecer el espacio acad\u00e9mico en educaci\u00f3n superior, ciencia, tecnolog\u00eda e<\/p>\n","protected":false},"author":2,"featured_media":0,"parent":0,"menu_order":0,"comment_status":"closed","ping_status":"closed","template":"","meta":{"footnotes":""},"class_list":["post-10","page","type-page","status-publish","hentry"],"_links":{"self":[{"href":"https:\/\/expo.usac.edu.gt\/cumbre\/wp-json\/wp\/v2\/pages\/10","targetHints":{"allow":["GET"]}}],"collection":[{"href":"https:\/\/expo.usac.edu.gt\/cumbre\/wp-json\/wp\/v2\/pages"}],"about":[{"href":"https:\/\/expo.usac.edu.gt\/cumbre\/wp-json\/wp\/v2\/types\/page"}],"author":[{"embeddable":true,"href":"https:\/\/expo.usac.edu.gt\/cumbre\/wp-json\/wp\/v2\/users\/2"}],"replies":[{"embeddable":true,"href":"https:\/\/expo.usac.edu.gt\/cumbre\/wp-json\/wp\/v2\/comments?post=10"}],"version-history":[{"count":4,"href":"https:\/\/expo.usac.edu.gt\/cumbre\/wp-json\/wp\/v2\/pages\/10\/revisions"}],"predecessor-version":[{"id":58,"href":"https:\/\/expo.usac.edu.gt\/cumbre\/wp-json\/wp\/v2\/pages\/10\/revisions\/58"}],"wp:attachment":[{"href":"https:\/\/expo.usac.edu.gt\/cumbre\/wp-json\/wp\/v2\/media?parent=10"}],"curies":[{"name":"wp","href":"https:\/\/api.w.org\/{rel}","templated":true}]}}